 of 4660?
2, 5, 233
What are the prime factors of 6944?
2, 7, 31
What are the prime factors of 31245?
3, 5, 2083
List the prime factors of 185.
5, 37
What are the prime factors of 1426?
2, 23, 31
List the prime factors of 7040.
2, 5, 11
List the prime factors of 6045.
3, 5, 13, 31
List the prime factors of 19246.
2, 9623
List the prime factors of 11008.
2, 43
List the prime factors of 60196.
2, 101, 149
What are the prime factors of 3718?
2, 11, 13
What are the prime factors of 178?
2, 89
List the prime factors of 922.
2, 461
What are the prime factors of 21?
3, 7
What are the prime factors of 4772?
2, 1193
List the prime factors of 1411.
17, 83
List the prime factors of 1132.
2, 283
What are the prime factors of 891?
3, 11
What are the prime factors of 922?
2, 461
What are the prime factors of 14119?
7, 2017
What are the prime factors of 174756?
2, 3, 14563
What are the prime factors of 1395?
3, 5, 31
List the prime factors of 3003.
3, 7, 11, 13
List the prime factors of 147.
3, 7
What are the prime factors of 1321?
1321
List the prime factors of 8732.
2, 37, 59
What are the prime factors of 5650?
2, 5, 113
List the prime factors of 17785.
5, 3557
What are the prime factors of 36120?
2, 3, 5, 7, 43
List the prime factors of 125.
5
What are the prime factors of 1033?
1033
List the prime factors of 591.
3, 197
List the prime factors of 1741.
1741
What are the prime factors of 1611?
3, 179
List the prime factors of 2551.
2551
What are the prime factors of 57617?
7, 8231
What are the prime factors of 4530?
2, 3, 5, 151
List the prime factors of 464.
2, 29
What are the prime factors of 37648?
2, 13, 181
What are the prime factors of 6061?
11, 19, 29
List the prime factors of 17.
17
List the prime factors of 4998.
2, 3, 7, 17
What are the prime factors of 16890?
2, 3, 5, 563
What are the prime factors of 2907?
3, 17, 19
List the prime factors of 2349.
3, 29
List the prime factors of 6641.
29, 229
What are the prime factors of 33912?
2, 3, 157
List the prime factors of 28182.
2, 3, 7, 11, 61
What are the prime factors of 7605?
3, 5, 13
List the prime factors of 18089.
18089
List the prime factors of 3442.
2, 1721
List the prime factors of 50261.
50261
What are the prime factors of 82868?
2, 20717
List the prime factors of 3948.
2, 3, 7, 47
What are the prime factors of 2807?
7, 401
List the prime factors of 3197.
23, 139
List the prime factors of 108836.
2, 7, 13, 23
List the prime factors of 39466.
2, 7, 2819
What are the prime factors of 47865?
3, 5, 3191
What are the prime factors of 53831?
53831
What are the prime factors of 5260?
2, 5, 263
What are the prime factors of 61963?
11, 43, 131
List the prime factors of 17429.
29, 601
What are the prime factors of 908?
2, 227
List the prime factors of 180.
2, 3, 5
What are the prime factors of 30354?
2, 3, 5059
List the prime factors of 1275.
3, 5, 17
List the prime factors of 15828.
2, 3, 1319
List the prime factors of 1818.
2, 3, 101
What are the prime factors of 50838?
2, 3, 37, 229
What are the prime factors of 9345?
3, 5, 7, 89
List the prime factors of 417.
3, 139
What are the prime factors of 118511?
37, 3203
List the prime factors of 14241.
3, 47, 101
List the prime factors of 1865.
5, 373
What are the prime factors of 99576?
2, 3, 461
What are the prime factors of 748?
2, 11, 17
What are the prime factors of 6640?
2, 5, 83
List the prime factors of 106932.
2, 3, 7, 19, 67
List the prime factors of 10641.
3, 3547
List the prime factors of 1570.
2, 5, 157
What are the prime factors of 13759?
13759
List the prime factors of 1979.
1979
List the prime factors of 28289.
28289
What are the prime factors of 189?
3, 7
List the prime factors of 2860.
2, 5, 11, 13
What are the prime factors of 3851?
3851
What are the prime factors of 12214?
2, 31, 197
List the prime factors of 570.
2, 3, 5, 19
What are the prime factors of 44931?
3, 17, 881
What are the prime factors of 1011?
3, 337
What are the prime factors of 1870?
2, 5, 11, 17
List the prime factors of 34419.
3, 7, 11, 149
What are the prime factors of 4569?
3, 1523
What are the prime factors of 55196?
2, 13799
List the prime factors of 472.
2, 59
List the prime factors of 4295.
5, 859
What are the prime factors of 1154?
2, 577
What are the prime factors of 63591?
3, 11, 41, 47
What are the prime factors of 31763?
23, 1381
List the prime factors of 10950.
2, 3, 5, 73
What are the prime factors of 9465?
3, 5, 631
List the prime factors of 2243.
2243
What are the prime factors of 6912?
2, 3
List the prime factors of 3696.
2, 3, 7, 11
List the prime factors of 533.
13, 41
List the prime factors of 3591.
3, 7, 19
List the prime factors of 49936.
2, 3121
List the prime factors of 15573.
3, 29, 179
List the prime factors of 881.
881
List the prime factors of 1589.
7, 227
What are the prime factors of 191?
191
List the prime factors of 50046.
2, 3, 19, 439
List the prime factors of 20819.
109, 191
What are the prime factors of 2907?
3, 17, 19
What are the prime factors of 69008?
2, 19, 227
List the prime factors of 17194.
2, 8597
List the prime factors of 1210.
2, 5, 11
What are the prime factors of 1123?
1123
What are the prime factors of 8313?
3, 17, 163
List the prime factors of 1197.
3, 7, 19
What are the prime factors of 9980?
2, 5, 499
What are the prime factors of 1693?
1693
What are the prime factors of 1036?
2, 7, 37
List the prime factors of 81279.
3, 11, 821
What are the prime factors of 57329?
57329
List the prime factors of 3714.
2, 3, 619
What are the prime factors of 2459?
2459
List the prime factors of 15361.
15361
List the prime factors of 860.
2, 5, 43
What are the prime factors of 2990?
2, 5, 13, 23
List the prime factors of 22360.
2, 5, 13, 43
List the prime factors of 6335.
5, 7, 181
What are the prime factors of 1563?
3, 521
List the prime factors of 3355.
5, 11, 61
What are the prime factors of 14169?
3, 4723
List the prime factors of 6927.
3, 2309
What are the prime factors of 534?
2, 3, 89
List the prime factors of 174.
2, 3, 29
What are the prime factors of 10363?
43, 241
List the prime factors of 2705.
5, 541
List the prime factors of 37323.
3, 11, 13, 29
What are the prime factors of 2537?
43, 59
List the prime factors of 83142.
2, 3, 31, 149
What are the prime factors of 13806?
2, 3, 13, 59
List the prime factors of 194879.
23, 37, 229
List the prime factors of 963.
3, 107
What are the prime factors of 2616?
2, 3, 109
List the prime factors of 2275.
5, 7, 13
List the prime factors of 32690.
2, 5, 7, 467
List the prime factors of 5583.
3, 1861
What are the prime factors of 91?
7, 13
What are the prime factors of 756?
2, 3, 7
List the prime factors of 65414.
2, 32707
What are the prime factors of 8266?
2, 4133
List the prime factors of 1347.
3, 449
What are the prime factors of 90034?
2, 7, 59, 109
What are the prime factors of 131185?
5, 26237
What are the prime factors of 6172?
2, 1543
List the prime factors of 4449.
3, 1483
List the prime factors of 7611.
3, 43, 59
What are the prime factors of 175616?
2, 7
List the prime factors of 61784.
2, 7723
What are the prime factors of 5496?
2, 3, 229
List the prime factors of 3348.
2, 3, 31
List the prime factors of 531.
3, 59
List the prime factors of 6425.
5, 257
List the prime factors of 11121.
3, 11, 337
What are the prime factors of 1061?
1061
What are the prime factors of 6750?
2, 3, 5
List the prime factors of 3450.
2, 3, 5, 23
List the prime factors of 461.
461
List the prime factors of 175.
5, 7
What are the prime factors of 8635?
5, 11, 157
List the prime factors of 52537.
107, 491
What are the prime factors of 48100?
2, 5, 13, 37
What are the prime factors of 33103?
7, 4729
List the prime factors of 585.
3, 5, 13
What are the prime factors of 1171?
1171
List the prime factors of 14095.
5, 2819
List the prime factors of 7044.
2, 3, 587
What are the prime factors of 949?
13, 73
What are the prime factors of 574?
2, 7, 41
List the prime factors of 2181.
3, 727
What are the prime factors of 1269?
3, 47
What are the prime factors of 17751?
3, 61, 97
What are the prime factors of 245?
5, 7
What are the prime factors of 3685?
5, 11, 67
List the prime factors of 12940.
2, 5, 647
What are the prime factors of 2469?
3, 823
List the prime factors of 27987.
3, 19, 491
List the pri